{"id":26,"date":"2019-05-28T18:32:50","date_gmt":"2019-05-28T16:32:50","guid":{"rendered":"http:\/\/192.168.10.109\/?page_id=26"},"modified":"2024-01-09T15:23:19","modified_gmt":"2024-01-09T14:23:19","slug":"elerhetosegek","status":"publish","type":"page","link":"https:\/\/www.vise.hu\/?page_id=26","title":{"rendered":"El\u00e9rhet\u0151s\u00e9gek"},"content":{"rendered":"\n<p><\/p>\n\n\n\n<p><strong>Sz\u00e9khely:<\/strong><br>7030 Paks<br>Hidegv\u00f6lgy utca 3.<br>Magyarorsz\u00e1g<br>Mob.: +36 70 2930 151 <\/p>\n\n\n\n<p> Ad\u00f3sz\u00e1m: <strong>18398988-1-17 <\/strong><\/p>\n\n\n\n<p> K\u00f6z\u00f6ss\u00e9gi ad\u00f3sz\u00e1m: <strong>HU18398988<\/strong> <\/p>\n\n\n\n<p> Nyilv\u00e1ntart\u00e1si sz\u00e1m:  <strong>17-02-0001969<\/strong> <\/p>\n\n\n\n<p>C\u00e9gjegyz\u00e9ksz\u00e1m: <strong>TM. B\u00edr\u00f3s\u00e1g PK.60.042\/2012\/4<\/strong><\/p>\n\n\n\n<p><\/p>\n\n\n\n<p>C\u00e9gkivonat: <a href=\"https:\/\/birosag.hu\/civil-szervezetek-nevjegyzeke\">Magyarorsz\u00e1g B\u00edr\u00f3s\u00e1gai<\/a> (keresni az ad\u00f3sz\u00e1m alapj\u00e1n \u00e9rdemes, a chapt\u00e1t ne felejtsd pip\u00e1lni!).<\/p>\n\n\n\n<p>K\u00f6zhaszn\u00fa tev\u00e9kenys\u00e9g megnevez\u00e9se: <strong>9329<\/strong> M.n.s.egy\u00e9b szabadid\u0151s tev\u00e9kenys\u00e9g<\/p>\n\n\n\n<p>Tagd\u00edj:  <strong>5.000 Ft.<\/strong> MBH Bank 10300002-10593369-490200<strong>18<\/strong><br>Fejleszt\u00e9si alap:  <strong>10.000 Ft.<\/strong> MBH Bank 10300002-10593369-490200<strong>25<\/strong><\/p>\n\n\n\n<p><a href=\"https:\/\/bgazrt.hu\/\">Bethlen G\u00e1bor Alapkezel\u0151<\/a>: vise\/Vise2023<\/p>\n\n\n\n<p> Email :     <a href=\"mailto:vise.paks@gmail.com\">vise.paks@gmail.com<\/a> <\/p>\n\n\n\n<pre class=\"wp-block-preformatted\"><iframe loading=\"lazy\" src=\"https:\/\/www.google.com\/maps\/embed?pb=!1m18!1m12!1m3!1d2739.6683926522887!2d18.86026431547245!3d46.63331297913217!2m3!1f0!2f0!3f0!3m2!1i1024!2i768!4f13.1!3m3!1m2!1s0x47425cf290c3da49%3A0x67fb198530932f0c!2sPaks%2C+Hidegv%C3%B6lgy+u.+3%2C+7030!5e0!3m2!1shu!2shu!4v1559912495222!5m2!1shu!2shu\" width=\"800\" height=\"600\" frameborder=\"0\" style=\"border:0\" allowfullscreen=\"\"><\/iframe><\/pre>\n","protected":false},"excerpt":{"rendered":"<p>Sz\u00e9khely:7030 PaksHidegv\u00f6lgy utca 3.Magyarorsz\u00e1gMob.: +36 70 2930 151 Ad\u00f3sz\u00e1m: 18398988-1-17 K\u00f6z\u00f6ss\u00e9gi ad\u00f3sz\u00e1m: HU18398988 Nyilv\u00e1ntart\u00e1si sz\u00e1m: 17-02-0001969 C\u00e9gjegyz\u00e9ksz\u00e1m: TM. B\u00edr\u00f3s\u00e1g PK.60.042\/2012\/4 C\u00e9gkivonat: Magyarorsz\u00e1g B\u00edr\u00f3s\u00e1gai (keresni az ad\u00f3sz\u00e1m alapj\u00e1n \u00e9rdemes, a chapt\u00e1t &#8230;<\/p>\n","protected":false},"author":2,"featured_media":0,"parent":0,"menu_order":0,"comment_status":"closed","ping_status":"closed","template":"","meta":{"footnotes":""},"class_list":["post-26","page","type-page","status-publish","hentry"],"_links":{"self":[{"href":"https:\/\/www.vise.hu\/index.php?rest_route=\/wp\/v2\/pages\/26","targetHints":{"allow":["GET"]}}],"collection":[{"href":"https:\/\/www.vise.hu\/index.php?rest_route=\/wp\/v2\/pages"}],"about":[{"href":"https:\/\/www.vise.hu\/index.php?rest_route=\/wp\/v2\/types\/page"}],"author":[{"embeddable":true,"href":"https:\/\/www.vise.hu\/index.php?rest_route=\/wp\/v2\/users\/2"}],"replies":[{"embeddable":true,"href":"https:\/\/www.vise.hu\/index.php?rest_route=%2Fwp%2Fv2%2Fcomments&post=26"}],"version-history":[{"count":41,"href":"https:\/\/www.vise.hu\/index.php?rest_route=\/wp\/v2\/pages\/26\/revisions"}],"predecessor-version":[{"id":1654,"href":"https:\/\/www.vise.hu\/index.php?rest_route=\/wp\/v2\/pages\/26\/revisions\/1654"}],"wp:attachment":[{"href":"https:\/\/www.vise.hu\/index.php?rest_route=%2Fwp%2Fv2%2Fmedia&parent=26"}],"curies":[{"name":"wp","href":"https:\/\/api.w.org\/{rel}","templated":true}]}}